43 is divided by 8?
3
What is the remainder when 258 is divided by 225?
33
What is the remainder when 201 is divided by 52?
45
What is the remainder when 146 is divided by 15?
11
Calculate the remainder when 3971 is divided by 6.
5
Calculate the remainder when 355 is divided by 94.
73
What is the remainder when 75 is divided by 42?
33
What is the remainder when 31147 is divided by 5?
2
What is the remainder when 101 is divided by 15?
11
Calculate the remainder when 1270 is divided by 14.
10
What is the remainder when 233 is divided by 132?
101
Calculate the remainder when 5227 is divided by 63.
61
What is the remainder when 10 is divided by 9?
1
Calculate the remainder when 1375 is divided by 27.
25
Calculate the remainder when 1678 is divided by 20.
18
What is the remainder when 49 is divided by 33?
16
What is the remainder when 263 is divided by 84?
11
Calculate the remainder when 547 is divided by 6.
1
What is the remainder when 538 is divided by 49?
48
What is the remainder when 1241 is divided by 23?
22
Calculate the remainder when 48 is divided by 7.
6
What is the remainder when 1649 is divided by 28?
25
Calculate the remainder when 110 is divided by 22.
0
Calculate the remainder when 865 is divided by 421.
23
Calculate the remainder when 203 is divided by 43.
31
Calculate the remainder when 271 is divided by 79.
34
Calculate the remainder when 412 is divided by 128.
28
What is the remainder when 2279 is divided by 120?
119
What is the remainder when 141 is divided by 40?
21
What is the remainder when 133 is divided by 37?
22
Calculate the remainder when 460 is divided by 149.
13
What is the remainder when 6724 is divided by 18?
10
Calculate the remainder when 1067 is divided by 178.
177
Calculate the remainder when 391 is divided by 36.
31
Calculate the remainder when 264 is divided by 10.
4
What is the remainder when 389 is divided by 246?
143
Calculate the remainder when 791 is divided by 24.
23
Calculate the remainder when 1044 is divided by 253.
32
What is the remainder when 459 is divided by 33?
30
What is the remainder when 6626 is divided by 130?
126
What is the remainder when 764 is divided by 189?
8
Calculate the remainder when 129 is divided by 45.
39
Calculate the remainder when 107 is divided by 33.
8
What is the remainder when 339 is divided by 133?
73
Calculate the remainder when 370 is divided by 19.
9
Calculate the remainder when 562 is divided by 188.
186
Calculate the remainder when 238 is divided by 60.
58
What is the remainder when 581 is divided by 116?
1
What is the remainder when 88 is divided by 88?
0
Calculate the remainder when 108 is divided by 25.
8
What is the remainder when 91 is divided by 33?
25
Calculate the remainder when 97 is divided by 19.
2
What is the remainder when 63 is divided by 34?
29
What is the remainder when 288 is divided by 147?
141
Calculate the remainder when 166 is divided by 12.
10
Calculate the remainder when 1973 is divided by 25.
23
What is the remainder when 2357 is divided by 118?
115
What is the remainder when 1442 is divided by 76?
74
What is the remainder when 812 is divided by 116?
0
What is the remainder when 127 is divided by 29?
11
Calculate the remainder when 130 is divided by 78.
52
Calculate the remainder when 3743 is divided by 107.
105
Calculate the remainder when 3351 is divided by 61.
57
Calculate the remainder when 10167 is divided by 18.
15
Calculate the remainder when 611 is divided by 34.
33
What is the remainder when 287 is divided by 29?
26
Calculate the remainder when 352 is divided by 71.
68
Calculate the remainder when 163 is divided by 56.
51
What is the remainder when 149 is divided by 31?
25
What is the remainder when 384 is divided by 62?
12
What is the remainder when 406 is divided by 85?
66
Calculate the remainder when 2007 is divided by 41.
39
What is the remainder when 1476 is divided by 87?
84
What is the remainder when 1553 is divided by 74?
73
What is the remainder when 634 is divided by 91?
88
What is the remainder when 181 is divided by 23?
20
What is the remainder when 7 is divided by 4?
3
What is the remainder when 230 is divided by 135?
95
Calculate the remainder when 377 is divided by 20.
17
What is the remainder when 483 is divided by 121?
120
Calculate the remainder when 2836 is divided by 142.
138
What is the remainder when 47 is divided by 25?
22
Calculate the remainder when 227 is divided by 33.
29
Calculate the remainder when 383 is divided by 97.
92
What is the remainder when 181 is divided by 61?
59
What is the remainder when 291 is divided by 6?
3
Calculate the remainder when 394 is divided by 102.
88
What is the remainder when 1535 is divided by 172?
159
Calculate the remainder when 15251 is divided by 164.
163
What is the remainder when 59 is divided by 24?
11
Calculate the remainder when 101950 is divided by 177.
175
Calculate the remainder when 1569 is divided by 25.
19
What is the remainder when 216 is divided by 13?
8
Calculate the remainder when 194 is divided by 13.
12
Calculate the remainder when 254 is divided by 7.
2
What is the remainder when 719 is divided by 19?
16
Calculate the remainder when 3463 is divided by 15.
13
Calculate the remainder when 32177 is divided by 173.
172
What is the remainder when 72 is divided by 65?
7
What is the remainder when 481 is divided by 97?
93
What is the remainder when 14873 is divided by 93?
86
Calculate the remainder when 78 is divided by 48.
30
Calculate the remainder when 641 is divided by 96.
65
Calculate the remainder when 312 is divided by 63.
60
Calculate the remainder when 24 is divided by 5.
4
Calculate the remainder when 1648 is divided by 55.
53
Calculate the remainder when 266 is divided by 125.
16
What is the remainder when 7990 is divided by 2662?
4
What is the remainder when 143 is divided by 29?
27
Calculate the remainder when 154 is divided by 137.
17
What is the remainder when 696 is divided by 45?
21
What is the remainder when 402 is divided by 154?
94
Calculate the remainder when 52 is divided by 8.
4
What is the remainder when 705 is divided by 142?
137
What is the remainder when 160 is divided by 34?
24
What is the remainder when 183 is divided by 66?
51
Calculate the remainder when 4571 is divided by 18.
17
What is the remainder when 145 is divided by 31?
21
Calculate the remainder when 939 is divided by 47.
46
Calculate the remainder when 348 is divided by 186.
162
Calculate the remainder when 252 is divided by 109.
34
Calculate the remainder when 11474 is divided by 225.
224
What is the remainder when 524 is divided by 75?
74
Calculate the remainder when 901 is divided by 113.
110
What is the remainder when 102 is divided by 76?
26
What is the remainder when 188 is divided by 50?
38
What is the remainder when 139 is divided by 46?
1
Calculate the remainder when 8035 is divided by 164.
163
What is the remainder when 3662 is divided by 11?
10
What is the remainder when 186 is divided by 3?
0
Calculate the remainder when 187 is divided by 102.
85
What is the remainder when 3142 is divided by 9?
1
Calculate the remainder when 813 is divided by 41.
34
Calculate the remainder when 154 is divided by 21.
7
Calculate the remainder when 85 is divided by 19.
9
What is the remainder when 17 is divided by 8?
1
What is the remainder when 243 is divided by 6?
3
Calculate the remainder when 2002 is divided by 652.
46
Calculate the remainder when 1093 is divided by 361.
10
Calculate the remainder when 268 is divided by 18.
16
What is the remainder when 349 is divided by 22?
19
Calculate the remainder when 777 is divided by 20.
17
What is the remainder when 8496 is divided by 29?
28
Calculate the remainder when 45 is divided by 7.
3
What is the remainder when 132 is divided by 67?
65
Calculate the remainder when 202 is divided by 46.
18
What is the remainder when 126 is divided by 54?
18
Calculate the remainder when 105 is divided by 55.
50
What is the remainder when 949 is divided by 25?
24
What is the remainder when 8509 is divided by 198?
193
Calculate the remainder when 160 is divided by 136.
24
What is the remainder when 284 is divided by 8?
4
Calculate the remainder when 184 is divided by 17.
14
Calculate the remainder when 228 is divided by 21.
18
Calculate the rem